ed by 18?
16
Let s(b) = 2*b - 5. Let c be s(5). Suppose -3*y + 2 = -5*i + c, 5*y + 5*i = 35. Suppose -2*m + 10 = -y. Calculate the remainder when m is divided by 4.
3
Let f(n) be the first derivative of -2/3*n**3 + n**2 + 17/4*n**4 + 2 - n. Calculate the remainder when f(1) is divided by 6.
4
Let b = 71 + -34. Let m(y) = -2*y. Calculate the remainder when b is divided by m(-5).
7
Let r(p) = 2*p**3 + 31*p**2 - 13*p - 13. Let d(w) = -w**3 - 16*w**2 + 6*w + 6. Let u(z) = -11*d(z) - 6*r(z). What is the remainder when 1 is divided by u(-11)?
0
Let g(b) = -b + 63. What is the remainder when g(0) is divided by 22?
19
Let r(m) = m**2 - 3*m - 4. Let n = 3 + 3. Let d = -26 + 66. Calculate the remainder when d is divided by r(n).
12
Let w(d) = -d**2 + 17*d + 95. What is the remainder when w(20) is divided by 10?
5
Suppose -w - 110 = -3*w. Suppose 3*a - w = 23. What is the remainder when a is divided by 9?
8
Let t(l) = l**2 - l + 9. Calculate the remainder when t(4) is divided by 4.
1
Let j = 75 + -59. What is the remainder when 60 is divided by j?
12
Let z = 15 - -5. Let a(u) = -6 - 2*u + 17 + 10*u - 7*u**2 - u**3. What is the remainder when z is divided by a(-8)?
9
Let h = -58 - -87. Calculate the remainder when 53 is divided by h.
24
Suppose 3*k + 4*m = -35 - 4, -k = 5*m + 24. Let d = -6 - k. What is the remainder when 8 is divided by d?
2
Let h(m) = -m**3 - m**2. Let u(n) = -4*n**3 + 3*n**2 + n + 7. Let d(a) = -3*h(a) + u(a). What is the remainder when d(5) is divided by (-2)/14 + (-552)/(-42)?
11
Let r be (12/10)/((-1)/5). Suppose -5*s + 38 = 4*n - 2*n, 0 = 3*s - 4*n - 2. Calculate the remainder when (-2)/r - 32/(-3) is divided by s.
5
Let n(f) = -24*f + 3. Let a be n(-3). Let w = -27 + a. Suppose 0*g = -4*g + w. Calculate the remainder when g is divided by 7.
5
Let a be 51/(-12) - (-1)/4. Let s = a - -17. What is the remainder when s is divided by 5?
3
Suppose 0 = 4*f - 8. Suppose -3*w = j - f, 2*w = 4*j - 0 + 6. Suppose 0 = -l - w + 4. What is the remainder when 8 is divided by l?
2
Let f = -7 - -10. Calculate the remainder when (12/4 - 0) + f is divided by 3.
0
Let l(o) = o**3 - 6*o**2 + 2*o + 1. Suppose -5*p + 11 = 1. What is the remainder when l(6) is divided by 1 + (4 + p - 3)?
1
Suppose 53 = 6*g - 49. What is the remainder when 32 is divided by g?
15
Calculate the remainder when (-804)/(-21) + (-2)/7 is divided by 20.
18
Let f be (1 - 0) + -2 + -3. Calculate the remainder when (-142)/f + (-3)/2 is divided by 18.
16
Let h(p) = -p**3 + 1. Let d(w) = -3*w**3 + 5*w**2 - 3*w + 1. Let n(o) = d(o) - 2*h(o). Calculate the remainder when 3 is divided by n(4).
0
Let l = 33 - -12. Calculate the remainder when 358 is divided by l.
43
Let w be ((0/(-3))/1)/(-1). Suppose 0*j - 5*j + 115 = w. What is the remainder when 89 is divided by j?
20
Let n(r) = -r + 3. Suppose 3*a = -0*a + 84. Suppose -4*g - 8 = -3*g + 4*p, g - a = 5*p. What is the remainder when g is divided by n(0)?
2
Let j = 7 - 4. Let t(y) = j*y**3 - 3 - 4*y**3 - 3*y + 2*y - 2*y**2. What is the remainder when 15 is divided by t(-3)?
6
Let q(u) = u**3 - 24*u**2 - 25*u + 26. Calculate the remainder when 154 is divided by q(25).
24
Let m = -45 + 76. Calculate the remainder when m is divided by 16.
15
Let y(t) = t**2 + 6*t + 4. Calculate the remainder when 36 is divided by y(-8).
16
Let j(x) = -x - 2. Let y(q) = -7*q - 13. Let i(o) = 39*j(o) - 6*y(o). Calculate the remainder when i(2) is divided by 2.
0
Suppose 2*g = 3*v - 3, 4*v - 5*g - 12 = v. Let d(k) = -29*k - 1. Suppose 4 - 24 = -2*r. What is the remainder when d(v) is divided by r?
8
Let t(l) be the first derivative of l**3/3 + 3*l**2 - 6*l - 7. What is the remainder when t(-7) is divided by 1?
0
Suppose -r + 35 + 19 = 0. Calculate the remainder when r is divided by 8.
6
Suppose 15 = 7*y - 2*y. Let r(o) = -4*o + 1 + 1 + 12*o. Calculate the remainder when r(y) is divided by 14.
12
Let l = 125 + -103. What is the remainder when 59 is divided by l?
15
Let z be (-946)/(-12) - (-1)/6. Let r = z + -18. What is the remainder when r is divided by 16?
13
Suppose -44 + 4 = -2*y. Let c be (-1)/(-5) - (-18)/10. Suppose -4*s = -c - 42. What is the remainder when y is divided by s?
9
Suppose -92 = -0*o - 2*o. Calculate the remainder when o is divided by 12.
10
Suppose 5*y + 5*p = 110, -2*y = 3*y - p - 80. Let q(d) = -6*d. Let n be q(-5). Suppose -2*k + n = 3*k. What is the remainder when y is divided by k?
5
Suppose 3*i - 10 = -l + 14, 3*l = -4*i + 62. Let b(y) = 2*y**2 - 5*y - 2. Let m be b(-3). Let z = m - l. What is the remainder when 38 is divided by z?
12
Let k = 111 + -89. Calculate the remainder when k is divided by 4.
2
Let c(k) = k - 1. Let v be c(5). Let u = v + -1. Suppose -u = 3*j - 5*m, -4*m = 3*j - 6*j. What is the remainder when 10 is divided by j?
2
Suppose b = -0*b + 8. What is the remainder when ((-396)/45)/((-4)/10) is divided by b?
6
Let a be 4/8 - (-3)/(-6). Suppose 2*w + w + 2*h - 44 = a, -3*w = h - 43. What is the remainder when 55 is divided by w?
13
Let q = -4 + 6. Let r be 1/2*(q + 4). Suppose -24 - 126 = -r*g. What is the remainder when g is divided by 17?
16
Suppose -20 = 3*m + 2*m. Let r = 11 + m. What is the remainder when 20 is divided by r?
6
Let o(n) = -10*n**3 + n**2 + n. Suppose -27 = -4*z + 1. What is the remainder when o(-1) is divided by -4*(z/(-2) - -2)?
4
Suppose -2*r - 2*r + 500 = 0. Suppose -7 + 57 = 2*a + 2*j, 5*a + 2*j = r. Calculate the remainder when a is divided by 13.
12
Suppose y = i - 0*i - 2, -4*y = 12. What is the remainder when 30 is divided by (-2)/(1/i) - -14?
14
Suppose -4*c - 29 = -3*k, 2*k = -0*k + 3*c + 21. Suppose 3*g - 5 = 58. Suppose 0*s + k*s = g. Calculate the remainder when 13 is divided by s.
6
Let i(q) = -q**2 - q + 28. Let r(a) = 4*a - 6. What is the remainder when i(0) is divided by r(4)?
8
Let c(n) be the second derivative of n**5/20 - n**4/12 - n**3/6 + 9*n**2/2 - 2*n. Calculate the remainder when 34 is divided by c(0).
7
Suppose 24 = z + z. Let g be (-4)/(-6)*(-3)/(-2). Let f = g + 6. Calculate the remainder when z is divided by f.
5
Suppose 160 = 4*f - 36. Calculate the remainder when f is divided by 25.
24
Let s = -17 + 30. What is the remainder when s is divided by 5?
3
Suppose 25 = 5*d + n, -3*d - 4*n + 15 = -6*n. What is the remainder when 12 is divided by d?
2
Suppose 3*j = -j + 3*u + 96, -3*j = 4*u - 72. What is the remainder when j is divided by -5*(6/4 - (-165)/(-50))?
6
Suppose -3*n + 44 = 8. Calculate the remainder when n is divided by 2.
0
Let b be (-1 + -30)/((-5)/60). Suppose 0*s + b = 4*s. What is the remainder when s is divided by 24?
21
Suppose u + 2 = -0*u. Let j(n) = -3*n - 3. What is the remainder when 10 is divided by j(u)?
1
Suppose -5*v + 2*s + s + 139 = 0, 5*s = 2*v - 48. Calculate the remainder when v is divided by 16.
13
Let f(j) = -j**2 + 7*j - 2. Let h be 4/(4/6 - 0). Let g be f(h). Suppose g = -5*r + 34. What is the remainder when 17 is divided by r?
5
Suppose -x + y - 128 = -5*x, y - 32 = -x. Let w = 59 - x. What is the remainder when w is divided by 14?
13
Let a = 308 - 194. Calculate the remainder when a is divided by 29.
27
Suppose 0*t + 6 = 2*t, 2*j + 3*t - 17 = 0. Let a(n) = -n**3 - 1. What is the remainder when a(-2) is divided by j - 5 - 5*-1?
3
Let v = 21 + -12. Let n = 31 + -15. What is the remainder when n is divided by v?
7
Let d(t) = -t**3 + 7*t**2 + 7*t + 2. Let c be d(8). Let g = c - -7. Calculate the remainder when (4/(-6))/(4/(-6)) is divided by g.
0
Suppose -3*d - 36 = -4*b, -4*b + 2*b + 3*d = -24. Calculate the remainder when b is divided by 4.
2
Let i = 1 - -7. What is the remainder when 38 is divided by i?
6
Suppose -t + 48 = 2*t + 3*y, 3*y - 31 = -2*t. Calculate the remainder when t is divided by 10.
7
Let v = -174 + 380. What is the remainder when v is divided by 42?
38
Suppose -c = 2*s - 42, -3*c + 4 = -2*c. Calculate the remainder when 75 is divided by s.
18
Let n = -82 - -101. Calculate the remainder when 74 is divided by n.
17
Let g = 1 + -5. Calculate the remainder when 3 is divided by g*(-3 + 15/6).
1
Let q = -1 - -13. Calculate the remainder when (-36)/2*5/(-2) is divided by q.
9
Let l(j) = 76*j**3 + j**2 - 3*j + 1. What is the remainder when 144 is divided by l(1)?
69
Suppose 6*x = 4*x + 26. Calculate the remainder when 77 